 and 120?
30
What is the greatest common factor of 70 and 14?
14
What is the highest common factor of 234 and 8541?
117
Calculate the greatest common factor of 147 and 392.
49
What is the highest common factor of 60 and 165?
15
What is the greatest common divisor of 260 and 60?
20
What is the greatest common divisor of 104 and 20?
4
What is the highest common factor of 7137 and 1287?
117
What is the highest common divisor of 560 and 780?
20
Calculate the highest common divisor of 3292 and 4.
4
What is the highest common divisor of 884 and 2?
2
Calculate the highest common divisor of 156 and 24.
12
What is the greatest common divisor of 84 and 24?
12
Calculate the highest common factor of 16 and 34864.
16
What is the highest common divisor of 1054 and 496?
62
What is the greatest common divisor of 330 and 264?
66
Calculate the highest common divisor of 629 and 51.
17
What is the greatest common factor of 20 and 700?
20
Calculate the greatest common factor of 124 and 3410.
62
Calculate the greatest common divisor of 3 and 264.
3
Calculate the greatest common factor of 170 and 120.
10
Calculate the highest common factor of 513 and 135.
27
Calculate the greatest common factor of 540 and 513.
27
Calculate the greatest common factor of 1403 and 122.
61
What is the highest common factor of 57 and 114?
57
Calculate the greatest common divisor of 28 and 14042.
14
What is the highest common factor of 5617 and 82?
41
Calculate the highest common divisor of 2666 and 93.
31
What is the highest common factor of 136 and 34?
34
Calculate the greatest common divisor of 14 and 10.
2
What is the greatest common divisor of 189 and 108?
27
What is the highest common factor of 306 and 234?
18
Calculate the highest common divisor of 194 and 4.
2
Calculate the greatest common divisor of 68 and 119.
17
What is the greatest common factor of 330 and 1200?
30
Calculate the highest common factor of 190 and 1805.
95
What is the highest common factor of 1152 and 256?
128
What is the highest common divisor of 180 and 120?
60
Calculate the highest common factor of 153 and 6273.
153
What is the greatest common divisor of 234 and 1494?
18
Calculate the greatest common divisor of 1392 and 48.
48
What is the greatest common divisor of 8184 and 528?
264
Calculate the greatest common divisor of 18 and 639.
9
Calculate the highest common factor of 10830 and 95.
95
What is the greatest common factor of 873 and 9?
9
What is the greatest common divisor of 34 and 306?
34
Calculate the greatest common divisor of 1206 and 324.
18
What is the highest common divisor of 4278 and 2790?
186
What is the highest common factor of 76 and 36?
4
Calculate the greatest common factor of 3576 and 24.
24
What is the highest common divisor of 5472 and 190?
38
Calculate the greatest common factor of 1728 and 4.
4
What is the highest common factor of 46 and 6?
2
What is the greatest common factor of 114 and 1311?
57
Calculate the greatest common factor of 2 and 74.
2
What is the highest common divisor of 92 and 69?
23
Calculate the highest common divisor of 4512 and 64.
32
Calculate the greatest common factor of 992 and 736.
32
Calculate the highest common factor of 108 and 513.
27
What is the greatest common factor of 32 and 960?
32
What is the highest common factor of 74 and 999?
37
Calculate the highest common divisor of 456 and 192.
24
Calculate the highest common factor of 288 and 160.
32
What is the greatest common factor of 40 and 35?
5
What is the highest common factor of 621 and 46?
23
Calculate the greatest common divisor of 216 and 918.
54
Calculate the greatest common divisor of 19 and 1425.
19
Calculate the highest common factor of 7656 and 116.
116
What is the highest common divisor of 314 and 785?
157
What is the highest common factor of 3 and 66?
3
What is the highest common factor of 20 and 1030?
10
Calculate the greatest common factor of 280 and 1995.
35
What is the highest common divisor of 632 and 5767?
79
What is the highest common divisor of 14685 and 11?
11
Calculate the greatest common divisor of 147 and 56.
7
What is the greatest common factor of 468 and 26?
26
Calculate the highest common divisor of 110 and 108.
2
Calculate the greatest common divisor of 5016 and 616.
88
Calculate the greatest common divisor of 154 and 4697.
77
Calculate the greatest common divisor of 41 and 205.
41
What is the highest common divisor of 133 and 70?
7
What is the highest common divisor of 45 and 10?
5
What is the highest common divisor of 246 and 12?
6
What is the highest common divisor of 64 and 272?
16
Calculate the greatest common divisor of 546 and 14352.
78
Calculate the highest common divisor of 3 and 2523.
3
Calculate the highest common divisor of 25754 and 978.
326
What is the highest common divisor of 497 and 189?
7
What is the highest common divisor of 432 and 2?
2
What is the highest common factor of 2665 and 13?
13
What is the greatest common divisor of 144 and 1432?
8
What is the highest common divisor of 17 and 1088?
17
Calculate the greatest common factor of 30 and 6024.
6
What is the highest common factor of 42 and 966?
42
Calculate the highest common divisor of 69 and 237.
3
What is the highest common divisor of 98 and 7280?
14
What is the greatest common factor of 40 and 32?
8
Calculate the highest common factor of 2064 and 86.
86
What is the greatest common divisor of 15 and 2245?
5
Calculate the greatest common divisor of 44 and 2068.
44
What is the greatest common divisor of 556 and 12?
4
Calculate the greatest common divisor of 48 and 16.
16
Calculate the greatest common factor of 154 and 658.
14
What is the greatest common divisor of 22 and 5302?
22
Calculate the greatest common factor of 10 and 7340.
10
Calculate the highest common divisor of 24716 and 148.
148
Calculate the greatest common divisor of 118 and 23836.
118
Calculate the highest common factor of 77 and 99.
11
Calculate the highest common factor of 23 and 161.
23
Calculate the highest common factor of 765 and 135.
45
Calculate the highest common factor of 10147 and 73.
73
Calculate the greatest common factor of 424 and 24.
8
Calculate the highest common divisor of 64 and 4096.
64
What is the greatest common factor of 84 and 112?
28
Calculate the greatest common factor of 1708 and 28.
28
What is the greatest common factor of 78 and 1014?
78
Calculate the highest common factor of 910 and 130.
130
Calculate the highest common divisor of 42 and 4795.
7
Calculate the greatest common divisor of 81 and 1.
1
What is the highest common factor of 78 and 1326?
78
Calculate the highest common divisor of 222 and 4033.
37
What is the greatest common divisor of 80 and 6470?
10
Calculate the greatest common divisor of 16 and 3888.
16
What is the highest common factor of 40 and 140?
20
What is the greatest common factor of 108 and 708?
12
Calculate the highest common divisor of 26 and 26.
26
What is the greatest common factor of 111 and 481?
37
What is the highest common divisor of 42 and 686?
14
Calculate the highest common factor of 566 and 6.
2
What is the greatest common divisor of 9 and 279?
9
Calculate the greatest common factor of 126 and 112.
14
Calculate the greatest common factor of 106 and 53.
53
What is the greatest common divisor of 464 and 58?
58
Calculate the highest common factor of 99 and 36.
9
Calculate the highest common divisor of 1458 and 54.
54
Calculate the highest common divisor of 180 and 84.
12
What is the highest common divisor of 29730 and 30?
30
What is the highest common divisor of 230 and 340?
10
What is the highest common factor of 3599 and 366?
61
Calculate the highest common divisor of 2 and 458.
2
Calculate the highest common divisor of 2584 and 2888.
152
Calculate the greatest common divisor of 56 and 434.
14
Calculate the greatest common factor of 2 and 27.
1
What is the greatest common factor of 252 and 476?
28
Calculate the greatest common divisor of 27 and 15.
3
Calculate the greatest common factor of 228 and 84.
12
Calculate the highest common divisor of 374 and 22.
22
What is the highest common factor of 1185 and 225?
15
Calculate the highest common factor of 775 and 1085.
155
Calculate the highest common factor of 120 and 6492.
12
What is the greatest common divisor of 420 and 150?
